r of 9 and w.
3
Let n = 8 - 3. Suppose -n*s = -2*s - 6. Let c be 2 - (-100)/s - 0. What is the highest common divisor of c and 13?
13
Let c be (-17 - -18)/((-3)/(-48)). Let k(a) = a**2 + a + 4. Let z be k(-4). Calculate the highest common factor of z and c.
16
Let d be (-15)/(1*-1) - 1. Let z(k) = -5*k**3 - 3*k**2 - 3*k - 4. Let a be z(-4). Suppose 5*q = 10*q - a. Calculate the greatest common divisor of q and d.
14
Let f(g) = -g**2 + 6*g - 1. Let h be f(5). Calculate the highest common factor of h and 16.
4
Let v = 15 + 65. What is the greatest common factor of v and 20?
20
Suppose -4*f - 2*l + 44 + 12 = 0, -16 = -4*l. Let b be 1 - 4/((-8)/(-6)). Let g be (b/4)/((-2)/120). Calculate the highest common factor of f and g.
6
Let f be -1 - (28/(-2) - 3). What is the greatest common divisor of f and 4?
4
Let t(p) be the third derivative of -13*p**5/30 + 4*p**2. Let y be t(1). Let n = -16 - y. What is the greatest common factor of 2 and n?
2
Suppose 0 = 3*r - 2*p - 122, -r + 3*p + 46 = 3. Let c(x) = x**2 - x + 5. Suppose 0 = -3*y - y. Let h be c(y). Calculate the greatest common divisor of h and r.
5
Let w(x) be the third derivative of x**6/120 - x**5/20 - x**4/4 - x**3/3 + 4*x**2. Let z be w(5). Calculate the highest common divisor of z and 45.
9
Let l(a) = 4*a**2 + 5*a + 3. Suppose -5*v - 15 - 5 = 0. Let f be l(v). Let c be -2 - (-2 - -1)*f. What is the highest common factor of 15 and c?
15
Let q be 2/(4*(-2)/(-56)). What is the greatest common factor of q and 56?
14
Suppose 0 = b + 3 - 7. Suppose b*m = m. Suppose -2*n = -10 - m. What is the greatest common divisor of 15 and n?
5
Suppose -2*l + 48 - 10 = 0. Let k(u) = -16*u - 1. Let b be k(-6). What is the greatest common divisor of b and l?
19
Suppose 0 = g + 2*g + 4*k - 21, 12 = 5*g - k. Calculate the highest common divisor of g and 21.
3
Let j be (0 - (-2 - 2)) + (141 - 1). What is the greatest common factor of 16 and j?
16
Suppose -2*s - 2*s = -48. Suppose 12*o - 24 = 10*o. Calculate the highest common factor of o and s.
12
Suppose -276 + 1076 = 10*y. What is the highest common divisor of y and 48?
16
Let h(k) = -3*k - 23. Let d be h(-10). What is the greatest common divisor of 35 and d?
7
Suppose -2*g + 4 = -0. Suppose 2*b + g*b = 0. Suppose i - 13 + 5 = b. Calculate the greatest common divisor of 72 and i.
8
Suppose g = -0*g + 57. Suppose 4*b - g = -0*u + u, -b = -4*u - 18. What is the highest common factor of 7 and b?
7
Suppose -3*q = -q - 140. Suppose r - 6*r = 0. Let l(i) = -i**3 - i**2 + 10. Let t be l(r). Calculate the highest common divisor of q and t.
10
Suppose 4*y = 2*s - 43 - 5, 3*s - 52 = 4*y. Let p = 8 - y. Let m(h) = 13*h + 1. Let f be m(2). Calculate the highest common divisor of p and f.
9
Let d be (-1)/(-2)*(-36)/(-6). Suppose d*z = w + 5, 3*z - 3 + 12 = 3*w. What is the highest common factor of w and 14?
7
Let f = 127 - -73. What is the highest common factor of f and 20?
20
Let y be 80/((-6)/(-33) - 18/(-22)). Let h(o) = -o + 32. Let l be h(0). Calculate the greatest common factor of y and l.
16
Let o be 15 - 4 - (-2 - -1). Suppose g + 4*u = 40, 5 + 11 = 4*u. Calculate the greatest common divisor of o and g.
12
Let b = -2 - -14. What is the greatest common factor of b and 8?
4
Let v = 15 + 57. Calculate the greatest common divisor of 9 and v.
9
Let t be -1*5/(10/(-84)). Calculate the highest common divisor of 6 and t.
6
Let j = 94 + -25. What is the greatest common factor of j and 46?
23
Suppose 4*s - 8 = 0, 3*m = -6*s + s + 16. Suppose 2*v + 0*v - 7 = -t, m*v - 2*t - 4 = 0. Calculate the greatest common factor of v and 15.
3
Let s = 2 + 19. What is the greatest common factor of 42 and s?
21
Let s(q) = 9*q. Let g be s(1). Calculate the highest common divisor of 3 and g.
3
Let g = 9 + 5. What is the greatest common divisor of g and 35?
7
Let c be (-24)/(-9)*(-36)/(-8). What is the highest common factor of 108 and c?
12
Suppose -4 = -y + 1. Suppose 0*d - 5*d + y = 0. Calculate the highest common factor of 2 and d.
1
Let d be (-15)/(-9)*45/25. What is the greatest common divisor of 57 and d?
3
Let v(t) = t**3 - 12*t**2 - 13*t + 4. Let u be v(13). Let o(j) = 2*j**2 - 6*j - 8. Let k be o(6). Calculate the greatest common factor of k and u.
4
Let h = 65 + -41. Calculate the highest common factor of h and 16.
8
Let g be 5/(-1 + (-8)/(-4)). What is the greatest common factor of g and 20?
5
Let j be 1/(-2)*(-2 - 4). What is the greatest common factor of 27 and j?
3
Suppose 0 = 2*x - k - 21, 4*x - 3*k + 0*k = 39. What is the highest common factor of 48 and x?
12
Suppose 14 + 6 = 2*m. Let h = -8 - -23. Calculate the highest common factor of m and h.
5
Let m = -15 - -21. Calculate the greatest common factor of 66 and m.
6
Let i = 74 - 2. Calculate the highest common factor of i and 48.
24
Let y = -4 + 5. Let n = 3 - 0. Suppose 0 = 4*f - 0 + 4, -2*g + n*f + 7 = 0. What is the highest common factor of g and y?
1
Let t = 4 + 0. Let w(b) be the third derivative of b**4/12 - 5*b**3/6 + b**2. Let y be w(t). What is the greatest common factor of y and 30?
3
Suppose 8*c = 6*c - 2*w + 56, -3*w - 6 = 0. What is the highest common factor of c and 75?
15
Let j = -6 + 26. Suppose 3*i - 4 = -3*c + c, -2*c + 4 = -5*i. Suppose m + m - 8 = i. What is the greatest common divisor of j and m?
4
Let z(f) = -2*f + 154. Let j be z(0). What is the highest common factor of j and 14?
14
Suppose 5*k = -3*u - 29, 5*u + 53 + 18 = 3*k. Let r = 31 + u. What is the highest common factor of r and 72?
18
Suppose -10 = -4*l + 2. Suppose -i + 18 = 2*h, -l*i + 34 = 3*h - 35. Let u = 44 + i. What is the greatest common factor of 8 and u?
8
Suppose 16 + 83 = 11*i. Let o(n) = -9*n. Let v be o(-3). Calculate the highest common divisor of v and i.
9
Suppose 4*w - 3*n = 93, w + 2*n - 57 = -2*w. Let p be -22 + 1 + -2 - -2. Let b be p/2*2/(-3). Calculate the highest common divisor of b and w.
7
Let b be 5168/64 - 2/(-8). Suppose 2*i + 2*i = 36. What is the greatest common factor of b and i?
9
Let w = 18 + 6. Calculate the highest common factor of 72 and w.
24
Let c(k) = 4*k**2 + 3*k - 7. Let s(d) = -11*d**2 - 9*d + 21. Let t(v) = -8*c(v) - 3*s(v). Let a be t(-7). Calculate the greatest common divisor of 14 and a.
7
Let m be ((-6)/3 + 3)*(-14)/(-2). Calculate the highest common divisor of m and 7.
7
Suppose -12 = -7*d + 72. Calculate the highest common divisor of d and 84.
12
Let k(z) = 2*z**2 - z. Let i be k(-2). Let u = i + 0. Calculate the greatest common factor of 10 and u.
10
Let j = 9 - -5. Suppose 0 = -3*k + g + 10, 2*g + 18 = 5*k + g. Suppose 3*z = -k*q + 289, -261 = -4*q + z + 16. What is the greatest common divisor of j and q?
14
Let v(o) = 2*o**2 - 2*o + 1. Let k be v(1). Calculate the highest common divisor of 16 and k.
1
Suppose 8*s = 3*s + 65. Suppose 14*f - s*f = 4. Calculate the highest common factor of f and 2.
2
Let r be (-3 - -2) + 5 - 3. Let n(d) = 26*d**2 + 2*d - 1. Let q be n(r). Calculate the greatest common divisor of 3 and q.
3
Suppose -93 = 3*g - 4*s - 343, 0 = 5*g + 4*s - 470. Suppose 2*f + 40 = 5*x, -x - 2*f = 3 - 23. Calculate the greatest common factor of x and g.
10
Let j be (-2 + 4)/(-2) - -111. Suppose -10 = -a + 1. What is the highest common divisor of j and a?
11
Let g(s) = s**2 - 15*s + 10. Let p be g(15). What is the highest common factor of 90 and p?
10
Let b(t) be the first derivative of t**3/3 + t**2/2 + 3*t + 4. Let u be b(-5). What is the highest common factor of u and 253?
23
Let a(y) = 11*y**3 - 1. Let s(w) = 12*w**3 + w**2 + w - 1. Let j(i) = -3*a(i) + 2*s(i). Let h be j(-1). Calculate the highest common factor of 2 and h.
2
Suppose 3*j - 3 = 6. Suppose 0*z + j*f + 35 = 5*z, 4*z - f = 21. Let s = -55 + 99. What is the highest common divisor of z and s?
4
Let r be (-2)/(-12) - 418/(-12). Let w(b) = 3*b**2 - 3*b - 4. Let n be w(3). What is the greatest common divisor of r and n?
7
Suppose 0 = -0*d + d - 199. Let x(o) = o**3 - o**2 + o - 79. Let k be x(0). Let l = k + d. Calculate the greatest common divisor of l and 15.
15
Let g(y) = -9*y + 4. Let s be g(7). Let d = -32 - s. What is the greatest common divisor of 9 and d?
9
Let v(a) = 2*a**2 - 14*a + 12. Let x be v(7). Calculate the highest common factor of x and 3.
3
Let u(z) = -96*z**3 + z**2 - 2*z + 1. Suppose 3*h - 2*h - 1 = 0. L